hen (-248)/t - 20/(-90) is divided by h(-6).
4
Let g = -61 + 108. Calculate the remainder when g is divided by 25.
22
Let s(g) = 29*g. What is the remainder when s(2) is divided by (2 - 3) + 42/2?
18
Suppose 0*w - 4*w - 8 = 5*z, -w + 2*z = -11. Suppose 0 = w*g - 2*m - 45, -2*g - m + 8 = -22. What is the remainder when g is divided by 4?
3
Let m(t) = t**3 - t**2 - t + 8. Let z be (10/(-4))/(-5)*0. Calculate the remainder when 14 is divided by m(z).
6
Let s be 52/5 - 4/10. What is the remainder when (-4)/s - (-134)/10 is divided by (3/(-6) + 3)*2?
3
Calculate the remainder when 93 is divided by (12/(-24))/(98/(-96) + 1).
21
Let w(d) = d + 19. Suppose 4*k - 3*b = 3 + 2, -11 = -3*k - 5*b. Suppose 4*z = k*z + 20. What is the remainder when w(0) is divided by z?
9
What is the remainder when 60 is divided by 8/12 + 138/9?
12
Let l(v) = -v**3 + 5*v**2 + 4*v - 4. Let s(m) = 2*m - 13. Let t be s(9). Calculate the remainder when 30 is divided by l(t).
14
Let q(k) = -4*k + 10. Let v be ((-6)/5)/((-6)/(-40)). What is the remainder when q(v) is divided by 15?
12
Suppose -2*a + 78 = -3*z, 3*a - 133 = 4*z - 16. Calculate the remainder when a is divided by 20.
19
Suppose 0 = 5*s - 8 - 27. What is the remainder when 12 is divided by s?
5
Suppose i = 3*u + 25, -4*i - u + 3*u + 50 = 0. Calculate the remainder when 46 is divided by i.
6
Let g(k) = k**2 - 4*k + 1. Let b = 3 - -2. Let i be g(b). Suppose 4*m = 5*o - 18, 0 = -5*o + 2*o + 4*m + i. What is the remainder when 23 is divided by o?
5
Suppose 5*z = -89 + 14. Calculate the remainder when 18 is divided by (5/z)/(2/(-60)).
8
Let h = 15 - -12. Suppose 48 = n + 2*n. Calculate the remainder when (h/(-12))/((-3)/40) is divided by n.
14
Suppose -5*a = 394 - 1459. Calculate the remainder when -1 - (-4)/(12/a) is divided by 24.
22
Suppose -6 = -3*i - 0. Suppose -14 = -i*m + 12. What is the remainder when 37 is divided by m?
11
Suppose 2*d - 86 = -0*d. Suppose 2*u + 28 - 82 = 2*v, 11 = -v - 3*u. Let o = d + v. What is the remainder when 58 is divided by o?
18
What is the remainder when (-444)/(-16)*(2*-2)/(-1) is divided by 28?
27
Let z be (-5 + 13)*1/2. Suppose 5*d - 9 = 2*v + 6, 2*d - 6 = z*v. What is the remainder when 7 is divided by d?
1
Let d = 32 - 6. Let o = 87 - d. Calculate the remainder when o is divided by 187/9 - 12/(-54).
19
Let j(k) = k**3 - 7*k**2 + 7*k - 10. Calculate the remainder when 76 is divided by j(7).
37
Suppose -3*i - 44 = i. Let v = 29 - i. Let j = v + -23. What is the remainder when j is divided by 6?
5
Suppose 48 = -2*z + 5*z. Suppose 6*m - 2*m - 36 = -4*b, -4*m + 4 = -4*b. What is the remainder when 47 + (b + -6 - 0) is divided by z?
13
Suppose 5*b = d - 23, -4*d - 3*b = -b + 18. Let q(f) = 3*f**2 - f - 2. Let n = 22 - 15. Calculate the remainder when q(d) is divided by n.
5
Suppose -2*c - 10 = 0, -2*g + g = 4*c + 18. Suppose -3*n + 5*n = 14. Let a = n + g. Calculate the remainder when 26 is divided by a.
8
Suppose 0*r + 4 = -r - 2*g, 2*g + 6 = -2*r. Calculate the remainder when 54 is divided by 1/(r*2/(-56)).
12
Let n(i) = -2*i - 9. Let t be n(-6). Let m(x) = 5*x + 2. Calculate the remainder when 258/8 - t/12 is divided by m(3).
15
Suppose 2*j = 3*x + 26, -64 + 17 = -5*j + 3*x. What is the remainder when 12 is divided by j?
5
Let k(f) = f**2 - 10*f + 11. Let c be k(9). Suppose c*v = 5*v - 123. Calculate the remainder when v is divided by 14.
13
Suppose 3*f + 2 = 14. What is the remainder when 11 is divided by f?
3
Let x be -18 - (2 + 1 - 5). Let z = 25 + x. Calculate the remainder when 43 is divided by z.
7
Let d(j) = -j**3 - 5*j**2 - 2*j - 6. Let c be d(-5). Suppose -c*s - 5*g + 338 = 0, 5*s = -g - 2*g + 416. What is the remainder when s is divided by 28?
26
Let p = 2 + -6. Let m be -1 + 4/(p/(-9)). Let b = -3 + m. Calculate the remainder when 13 is divided by b.
3
Suppose -7 = -4*g + 1. Suppose -2*f + 10 = 3*w - 17, -g*w + 26 = 4*f. What is the remainder when 18 is divided by w?
4
Let b be 22 - 0/(-1) - 1. Let f be 792/b + (-6)/(-21). Let h = f + -22. Calculate the remainder when h is divided by 9.
7
Let o(p) = -p**3 + 2*p**2 + 3*p + 1. Calculate the remainder when 43 is divided by o(-2).
10
Suppose -4*j + 3*u + 55 = -2*u, 5*j + 3*u - 115 = 0. Calculate the remainder when 98 is divided by j.
18
Suppose -d - 3 = -2*d. Suppose -5*i + 4*p = -171, -d*p = -i - 4*p + 27. Calculate the remainder when i is divided by ((-22)/8)/(2/(-8)).
9
Let r(h) = h**3 - 4*h**2 + 2*h - 5. Let u be r(4). Suppose f - v + 20 = 0, 2*f - 14 = u*f + 5*v. What is the remainder when f/(-3)*(-12)/(-4) is divided by 7?
5
Suppose n - 4 - 21 = 0. Suppose 0 = -m - p + 69, 2*m - 3*p = 230 - 67. What is the remainder when m is divided by n?
24
What is the remainder when 30 is divided by -14*6/(-8)*4/6?
2
Let t = -3 + 7. Let r = 80 - 51. Calculate the remainder when r is divided by (-29)/(-3) - t/(-12).
9
Let y(m) be the second derivative of -m**4/12 - 5*m**3/6 + 2*m**2 + 2*m. Calculate the remainder when 22 is divided by y(-4).
6
Let w = 52 + -35. What is the remainder when w is divided by 4?
1
Suppose -2*d + 29 = -1. Let a = -10 + d. Calculate the remainder when 14 is divided by a.
4
Suppose 0*l - 12 = -3*l. Let w(d) = d**3 - 2*d**2 + 5*d + 2. Let f be w(l). Suppose f = y + 2*y. What is the remainder when 35 is divided by y?
17
Suppose 2*m - 7*m = -70. What is the remainder when 68 is divided by m?
12
Calculate the remainder when 27 is divided by 2/2*30/6.
2
Let v = -34 + 45. Calculate the remainder when 52 is divided by v.
8
Suppose -u = -3*x + 5*x - 78, 4*x - 128 = 5*u. What is the remainder when 184 is divided by x?
36
Suppose 0 = 5*m + 20 - 55. Let i(t) = t**2 + 8*t - 1. What is the remainder when i(-10) is divided by m?
5
Suppose 0 = b + 3*c - 17, 3*b - 57 - 5 = 2*c. Suppose 0 = -0*k - 4*k + b. Suppose -k*s = -2*s - 33. Calculate the remainder when s is divided by 6.
5
Let t(y) = y**2 + 4*y - 1. Let p be t(3). Let s = 33 - p. What is the remainder when 64 is divided by s?
12
Suppose 4*z + 8 = 140. Let s = z - 17. Suppose -5*t = -4*o - 223, t + 0*t + o = 50. Calculate the remainder when t is divided by s.
15
Let b be 6/(-10)*(3 - 8). Suppose -b*t + 5*t - 252 = 0. Calculate the remainder when 26 is divided by (4/6)/(6/t).
12
Suppose 2*a - 7*a + 15 = 0. Suppose -h - 7 = a. What is the remainder when 10 is divided by (-1)/(-5) - 38/h?
2
Let v(m) = 4*m**3 - 2*m**2 + 2. Calculate the remainder when v(2) is divided by 2*(-1 + -20)/(-3).
12
Let d = -10 - -10. Suppose i - 4*i + 33 = d. Calculate the remainder when 43 is divided by i.
10
Let k = 24 - 6. Let b(r) = -3*r - k*r**2 - 3*r + 46*r**2 + 5*r. Calculate the remainder when b(-1) is divided by 10.
9
Suppose -80 + 565 = 5*g. What is the remainder when g is divided by 25?
22
Let b(a) = a**2 + 4*a + 1. Suppose -3*x = -7 + 1. Let n be (x - 4)*(-5)/(-2). Calculate the remainder when 11 is divided by b(n).
5
Suppose -7*r = 5*l - 2*r - 60, -4*l - 3*r = -45. Suppose 0 = -p + 3 - 1. Suppose p*q + 75 = 5*q. Calculate the remainder when q is divided by l.
7
Suppose 3*n = 7*n - 52. Calculate the remainder when n is divided by 8.
5
Suppose -3*n = 3*a - 108, 3*n = -3*a + 5*n + 98. Calculate the remainder when a is divided by -3*((-8)/2 + 0).
10
Suppose 2*v = 2*b + 1 - 7, 4*b + 5*v - 3 = 0. Let r = -37 + 39. Calculate the remainder when r is divided by b.
0
Let t be (-67)/(-13) + 24/(-156). Suppose -8*b + 3*b - t*z = -10, 2*z + 16 = 3*b. What is the remainder when 5 + ((-2)/(-2) - 0) is divided by b?
2
Suppose m - 1 = 3. What is the remainder when 6 is divided by m?
2
Let l be (-2)/10 - (-24)/(-5). Let q = l - -8. Let g(c) = c - 2. What is the remainder when g(8) is divided by q?
0
Let c(l) = 2*l + 5. Let m be c(-4). Let r = m + 16. Calculate the remainder when -1 + 28 + 2 + -4 is divided by r.
12
Let g = -6 + 23. Let u(y) = y**2 + y - 6. What is the remainder when g is divided by u(-4)?
5
Suppose -x = 3*x - z + 29, 2*x + 5*z = 13. What is the remainder when 140/x*12/(-8) is divided by 12?
11
Suppose 4*s - 686 - 202 = 0. Suppose 5*n + 2*o - 227 = 4*o, 5*n + 3*o - s = 0. Calculate the remainder when n is divided by (4/6)/(((-16)/138)/(-4)).
22
Let q(y) = y**3 + y**2 - y + 19. Let k be (3/(-12)*0)/(-1). Calculate the remainder when q(k) is divided by 5.
4
Let q be 1/2 + 28/(-8). Let i